17, 19, 31
What are the prime factors of 5694082?
2, 17, 223, 751
What are the prime factors of 210042?
2, 3, 7, 1667
What are the prime factors of 213142?
2, 19, 71, 79
List the prime factors of 691796.
2, 7, 31, 797
List the prime factors of 2989231.
7, 43, 9931
List the prime factors of 172570.
2, 5, 17257
What are the prime factors of 231023?
13, 1367
What are the prime factors of 220197?
3, 29, 2531
List the prime factors of 259447.
401, 647
List the prime factors of 118120.
2, 5, 2953
What are the prime factors of 4606121?
13, 354317
What are the prime factors of 2531983?
2531983
What are the prime factors of 15436?
2, 17, 227
What are the prime factors of 303008?
2, 17, 557
List the prime factors of 162113.
7, 23159
List the prime factors of 255030.
2, 3, 5, 8501
List the prime factors of 1593496.
2, 139, 1433
What are the prime factors of 308175?
3, 5, 7, 587
List the prime factors of 500137.
11, 19, 2393
List the prime factors of 1426990.
2, 5, 142699
List the prime factors of 2361623.
11, 17, 73, 173
List the prime factors of 1148471.
83, 101, 137
List the prime factors of 5554454.
2, 23, 120749
List the prime factors of 535036.
2, 181, 739
List the prime factors of 692263.
11, 13, 47, 103
What are the prime factors of 815435?
5, 71, 2297
List the prime factors of 12584774.
2, 179, 35153
List the prime factors of 1275550.
2, 5, 97, 263
List the prime factors of 5400082.
2, 131, 20611
List the prime factors of 14588832.
2, 3, 151967
List the prime factors of 3888429.
3, 1296143
What are the prime factors of 209257?
209257
List the prime factors of 19888.
2, 11, 113
What are the prime factors of 880251?
3, 19, 15443
What are the prime factors of 21190110?
2, 3, 5, 706337
What are the prime factors of 5038442?
2, 2519221
What are the prime factors of 1062265?
5, 212453
What are the prime factors of 543484?
2, 83, 1637
What are the prime factors of 1489563?
3, 43, 1283
List the prime factors of 7904647.
43, 183829
List the prime factors of 2242331.
7, 13, 41, 601
What are the prime factors of 7454172?
2, 3, 11, 149, 379
What are the prime factors of 149512?
2, 11, 1699
List the prime factors of 2081210.
2, 5, 208121
List the prime factors of 309667.
309667
What are the prime factors of 6260364?
2, 3, 11, 15809
What are the prime factors of 243028?
2, 60757
What are the prime factors of 6430279?
139, 46261
What are the prime factors of 4551349?
11, 413759
List the prime factors of 6429174.
2, 3, 1071529
List the prime factors of 1267535.
5, 253507
What are the prime factors of 398172?
2, 3, 33181
What are the prime factors of 139914?
2, 3, 2591
What are the prime factors of 122475?
3, 5, 23, 71
What are the prime factors of 22709211?
3, 7, 23, 47017
What are the prime factors of 505908?
2, 3, 13, 23, 47
What are the prime factors of 539158?
2, 269579
What are the prime factors of 934471?
347, 2693
What are the prime factors of 4227108?
2, 3, 131, 2689
What are the prime factors of 1601962?
2, 79, 10139
What are the prime factors of 268093?
7, 38299
What are the prime factors of 1244675?
5, 49787
List the prime factors of 125426.
2, 7, 17, 31
What are the prime factors of 2433391?
41, 59351
List the prime factors of 3963786.
2, 3, 281, 2351
List the prime factors of 638661.
3, 359, 593
List the prime factors of 12352920.
2, 3, 5, 311, 331
List the prime factors of 4193803.
4193803
What are the prime factors of 1997844?
2, 3, 166487
What are the prime factors of 32857?
11, 29, 103
List the prime factors of 1136548.
2, 7, 40591
List the prime factors of 373807.
7, 53401
What are the prime factors of 2308227?
3, 461, 1669
What are the prime factors of 1228035?
3, 5, 81869
What are the prime factors of 1732732?
2, 211, 2053
List the prime factors of 3574338.
2, 3, 23, 59, 439
List the prime factors of 31914311.
11, 13, 67, 3331
List the prime factors of 2398995.
3, 5, 89, 599
What are the prime factors of 278887?
7, 39841
List the prime factors of 29313436.
2, 7328359
List the prime factors of 4539875.
5, 36319
What are the prime factors of 847224?
2, 3, 7, 41
List the prime factors of 2773719.
3, 13, 151, 157
List the prime factors of 44573208.
2, 3, 1857217
List the prime factors of 191771.
37, 71, 73
What are the prime factors of 20292005?
5, 4058401
List the prime factors of 2330916.
2, 3, 7, 27749
List the prime factors of 4926274.
2, 2463137
List the prime factors of 4515948.
2, 3, 17, 47, 157
List the prime factors of 5951439.
3, 13, 50867
What are the prime factors of 2741897?
383, 7159
What are the prime factors of 6855164?
2, 1713791
What are the prime factors of 2299984?
2, 43, 3343
List the prime factors of 1061531.
17, 41, 1523
What are the prime factors of 372764?
2, 7, 13313
What are the prime factors of 366734?
2, 29, 6323
What are the prime factors of 683735?
5, 13, 67, 157
What are the prime factors of 2873270?
2, 5, 287327
List the prime factors of 1757957.
41, 53, 809
What are the prime factors of 4474770?
2, 3, 5, 149159
What are the prime factors of 646695?
3, 5, 7, 2053
List the prime factors of 391739.
391739
List the prime factors of 939532.
2, 11, 131, 163
List the prime factors of 1577154.
2, 3, 43, 6113
What are the prime factors of 757959?
3, 73, 3461
What are the prime factors of 291670?
2, 5, 29167
What are the prime factors of 6781815?
3, 5, 150707
List the prime factors of 479745.
3, 5, 7, 1523
List the prime factors of 362316.
2, 3, 109, 277
What are the prime factors of 7759856?
2, 13, 37307
What are the prime factors of 3984025?
5, 159361
List the prime factors of 1188290.
2, 5, 331, 359
List the prime factors of 1818420.
2, 3, 5, 30307
What are the prime factors of 192741?
3, 41, 1567
List the prime factors of 17968420.
2, 5, 898421
What are the prime factors of 21397676?
2, 1493, 3583
What are the prime factors of 152685?
3, 5, 13, 29
List the prime factors of 407889.
3, 15107
What are the prime factors of 12208136?
2, 853, 1789
What are the prime factors of 1480843?
7, 13, 16273
List the prime factors of 1047006.
2, 3, 23, 281
What are the prime factors of 12464264?
2, 17, 37, 2477
List the prime factors of 75247.
47, 1601
What are the prime factors of 69891?
3, 23297
List the prime factors of 2946134.
2, 17, 73, 1187
List the prime factors of 4737616.
2, 13, 22777
List the prime factors of 1153875.
3, 5, 17, 181
What are the prime factors of 18715471?
61, 97, 3163
What are the prime factors of 2894944?
2, 13, 6959
What are the prime factors of 2913087?
3, 971029
List the prime factors of 20780945.
5, 263, 15803
What are the prime factors of 48304?
2, 3019
What are the prime factors of 17748749?
17748749
What are the prime factors of 82217?
82217
What are the prime factors of 4911250?
2, 5, 3929
List the prime factors of 588343.
7, 12007
What are the prime factors of 13760921?
19, 724259
List the prime factors of 3756011.
7, 211, 2543
List the prime factors of 17038724.
2, 4259681
What are the prime factors of 549601?
13, 67, 631
What are the prime factors of 206059?
7, 29437
List the prime factors of 1346463.
3, 1847
What are the prime factors of 1061727?
3, 547, 647
What are the prime factors of 5194653?
3, 1731551
List the prime factors of 42001.
97, 433
What are the prime factors of 80239?
80239
What are the prime factors of 37704827?
17, 401, 5531
List the prime factors of 459961.
459961
List the prime factors of 1809428.
2, 241, 1877
List the prime factors of 517448.
2, 71, 911
What are the prime factors of 411135?
3, 5, 27409
List the prime factors of 1459319.
1459319
What are the prime factors of 35595422?
2, 307, 57973
What are the prime factors of 185197?
41, 4517
List the prime factors of 12826465.
5, 73, 35141
List the prime factors of 866622.
2, 3, 43, 3359
What are the prime factors of 661210?
2, 5, 11, 6011
What are the prime factors of 460023?
3, 23, 59, 113
What are the prime factors of 8204177?
8204177
What are the prime factors of 4086554?
2, 2043277
List the prime factors of 3607259.
89, 40531
List the prime factors of 211404.
2, 3, 79, 223
List the prime factors of 6097945.
5, 7, 59, 2953
List the prime factors of 4596449.
11, 13, 32143
List the prime factors of 13982325.
3, 5, 7, 26633
What are the prime factors of 17137360?
2, 5, 17, 12601
What are the prime factors of 6064061?